nvert 10d32 (base 14) to base 8.
120060
What is 12021222110000 (base 3) in base 14?
53386c
42321541 (base 6) to base 9
2288117
Convert 232310210 (base 4) to base 16.
2ed24
Convert 67986 (base 11) to base 15.
1e216
What is 430443402 (base 5) in base 8?
6723600
What is -4cb58 (base 14) in base 8?
-560632
Convert 3497a (base 13) to base 6.
2020513
Convert -38a168 (base 13) to base 11.
-852269
What is -10000001100011100100 (base 2) in base 11?
-332769
16db44 (base 14) to base 13
222c60
What is -3301021200 (base 4) in base 15?
-1479e9
What is 30013 (base 8) in base 9?
17775
-120140104 (base 5) to base 13
-164653
13240104 (base 5) to base 14
36a79
What is -31011323322 (base 4) in base 7?
-41113242
What is 101c2a (base 14) in base 4?
2010203232
-112111012001 (base 3) to base 8
-1054767
What is 6aa301 (base 14) in base 8?
15703535
What is -13032322332 (base 4) in base 12?
-775366
What is -2790672 (base 10) in base 13?
-7692b1
-104203203 (base 5) to base 2
-1110000010000011011
-443141301 (base 6) to base 9
-16030201
685a5a6 (base 11) to base 9
24526700
What is 1553e (base 16) in base 12?
4267a
63251241 (base 8) to base 12
460b081
Convert 213241544 (base 6) to base 4.
32133303220
What is 401442300 (base 5) in base 11?
999201
Convert 1bed3 (base 16) to base 7.
654330
211111121012020 (base 3) to base 5
11030200021
What is 2b1368 (base 16) in base 9?
5272404
What is 1122132313 (base 4) in base 3?
200211101111
-4975 (base 13) to base 5
-313110
Convert 437112 (base 10) to base 2.
1101010101101111000
What is -152a (base 11) in base 5?
-30333
What is -201002002102 (base 3) in base 10?
-375500
Convert 20301313010 (base 4) to base 2.
1000110001110111000100
Convert -15651143 (base 8) to base 6.
-205413015
Convert 1352838 (base 10) to base 13.
3849c6
Convert 1010110111001111101 (base 2) to base 10.
355965
-103330121112 (base 4) to base 12
-1901646
What is -4105512 (base 7) in base 15?
-99eec
-80408 (base 10) to base 14
-21436
Convert -31627 (base 8) to base 16.
-3397
Convert -52dc8 (base 14) to base 7.
-1462641
184b (base 12) to base 14
10dd
What is 110010100111010110 (base 2) in base 9?
345343
3156664 (base 7) to base 2
1011101110010011101
What is 43740 (base 9) in base 14?
a81c
-514444 (base 7) to base 4
-111133210
What is -29733 (base 14) in base 8?
-311041
21330110 (base 4) to base 14
10bac
Convert -1345c8 (base 15) to base 3.
-1202001022122
What is -110200212121211 (base 3) in base 14?
-c79699
Convert -101222053 (base 6) to base 14.
-335c65
What is -288d9 (base 14) in base 11?
-695a3
What is -21022112222010 (base 3) in base 6?
-215202050
What is -113063 (base 11) in base 3?
-100010120120
Convert -823952 (base 13) to base 7.
-34542164
What is 10100101101100000 (base 2) in base 10?
84832
Convert 1001001110001001000 (base 2) to base 6.
10250504
-1100001100011110 (base 2) to base 9
-75460
What is -1000500 (base 6) in base 7?
-253356
-155647 (base 12) to base 15
-72431
Convert -cf9e6 (base 16) to base 5.
-204203111
-8ad9 (base 14) to base 12
-11b47
Convert 240758 (base 9) to base 14.
3ab86
112201212221022 (base 3) to base 14
107c121
What is -59850 (base 13) in base 5?
-20221440
aa30 (base 16) to base 9
65678
-10829 (base 14) to base 4
-21301111
What is -100101001100101000 (base 2) in base 5?
-14333420
-14c5b5c (base 13) to base 3
-110112202021102
Convert -1023131102 (base 4) to base 15.
-6189e
What is -3507403 (base 8) in base 11?
-5a1928
What is -20110223 (base 4) in base 3?
-1201202122
60520 (base 7) to base 3
202010011
What is -245185c (base 14) in base 9?
-35670625
Convert 43452 (base 14) to base 2.
100111101111000000
-101000100111101011 (base 2) to base 3
-22110020012
Convert -7542 (base 8) to base 6.
-30122
-10c856 (base 13) to base 5
-100232310
133122131 (base 4) to base 5
13104134
4cab23 (base 15) to base 8
16025752
101012211 (base 4) to base 2
10001000110100101
-456749 (base 10) to base 13
-12cb87
What is -3569576 (base 11) in base 3?
-102201000212002
Convert -4645c (base 13) to base 3.
-20111211101
-56595 (base 10) to base 13
-1c9b6
Convert 91d73 (base 14) to base 12.
14b255
Convert 1241342423 (base 6) to base 16.
df45ef
-13731e (base 15) to base 8
-3443233
1260a6 (base 12) to base 5
34111143
What is -4a400 (base 11) in base 6?
-1314554
Convert -11807546 (base 9) to base 11.
-32a6975
What is 11001001100010001101 (base 2) in base 15?
1148c5
What is -189285a (base 13) in base 4?
-132233301313
1121010120221 (base 3) to base 11
52a946
Convert 2223a0 (base 14) to base 10.
1158696
Convert -1979472 (base 10) to base 8.
-7432120
Convert -303513 (base 6) to base 13.
-accb
347680 (base 9) to base 11
133078
25f96 (base 16) to base 11
a6952
-756634 (base 11) to base 5
-302144221
-1000010110111001010 (base 2) to base 10
-273866
-13405243 (base 7) to base 14
-245cca
Convert -1405a64 (base 11) to base 3.
-11120010200200
Convert 17a966 (base 12) to base 7.
3336012
What is -200221022 (base 3) in base 4?
-3113231
-28607 (base 15) to base 3
-20120210021
What is -1444446 (base 7) in base 13?
-6b334
-3451235 (base 6) to base 13
-62c5a
What is 11112121221100 (base 3) in base 12?
984976
-149009 (base 10) to base 3
-21120101212
-a6948 (base 13) to base 8
-1112525
Convert -10000100110111001110 (base 2) to base 4.
-2010313032
Convert 312301132 (base 5) to base 16.
13b228
Convert -1432805 (base 9) to base 10.
-789431
Convert -2002012101 (base 3) to base 10.
-40969
What is 1000111011001000100011 (base 2) in base 9?
4355002
Convert 14321342 (base 5) to base 9.
250702
What is -4341413 (base 5) in base 15?
-1718d
Convert 10165120 (base 7) to base 14.
184210
Convert 131014661 (base 7) to base 5.
4114412224
What is -201663 (base 10) in base 12?
-98853
-2013bc2 (base 14) to base 11
-8589998
What is -73770 (base 10) in base 13?
-27768
What is -266270 (base 9) in base 6?
-3250143
1e59b (base 16) to base 7
1025302
-443718 (base 12) to base 3
-2001002122002
Convert -451b43 (base 12) to base 14.
-209a4b
34d64b (base 14) to base 12
730017
Convert -4414221400 (base 5) to base 4.
-210111002112
-3423 (base 10) to base 15
-1033
What is -20545053 (base 6) in base 5?
-123330144
Convert -2274040 (base 8) to base 9.
-1145238
Convert 7723032 (base 9) to base 10.
4148768
Convert -14300 (base 8) to base 13.
-2b65
817b36 (base 12) to base 14
3aa030
Convert -7225 (base 9) to base 5.
-132123
What is 10010010000011000101001 (base 2) in base 5?
2211120310
1185301 (base 10) to base 2
100100001011000010101
Convert -b7db9 (base 16) to base 7.
-6254400
What is 4305c3 (base 15) in base 7?
36056166
Convert 105452122 (base 6) to base 10.
1950962
Convert -2500 (base 9) to base 16.
-747
Convert -3430314 (base 5) to base 10.
-61334
Convert 177706 (base 9) to base 16.
1b03c
What is -1c5b7 (base 15) in base 6?
-1551514
6071162 (base 8) to base 3
10000101202100
What is -51315423 (base 6) in base 5?
-334102244
What is -2746595 (base 11) in base 3?
-22220200221210
12243662 (base 7) to base 10
1103426
Convert 21110147 (base 8) to base 13.
c14334
272163 (base 11) to base 16
685b1
What is 231302110 (base 4) in base 2?
101101110010010100
Convert 2426436 (base 8) to base 16.
a2d1e
What is 1102314303 (base 6) in base 9?
24311103
34163 (base 11) to base 3
2111211000
808c10 (base 14) to base 4
100200113332
What is -112232110030 (base 4) in base 3?
-102012122022001
-6604785 (base 10) to base 8
-31143761
-1a63a6a (base 12) to base 13
-1213528
-1220803 (base 11) to base 7
-24024114
131423133 (base 6) to base 2
1001111010111000100001
-260264605 (base 7) to base 13
-3565798
-255676 (base 9) to base 14
-4074b
Convert -10001221212 (base 3) to base 7.
-341213
-24c801 (base 16) to base 5
-1104113442
What is -1000111111011100001111 (base 2) in base 15?
-31858c
101211201102 (base 3) to base 13
7618a
-75de (base 16) to base 6
-351410
Convert 32178 (base 10) to base 16.
7db2
Convert -11010000100110111 (base 2) to base 3.
-12102111211
What is 21b5c (base 16) in base 9?
230357
-98406 (base 10) to base 12
-48b46
24524432 (base 6) to base 12
320718
Convert -261ee (base 16) to base 4.
-212013232
What is -4335683 (base 9) in base 11?
-134a183
What is -1d625 (base 14) in base 10?
-75297
What is -1911b99 (base 14) in base 8?
-57264733
What is -932cf (base 16) in base 2?
-10010011001011001111
What is -111000011110110010101 (base 2) in base 16?
-1c3